dreds digit of g?
2
Let r(f) be the third derivative of f**6/40 + f**5/60 - f**4/8 + f**3/6 + 23*f**2. Let n be r(-4). Let j = -71 - n. What is the units digit of j?
2
Suppose -23006 = -61*m + 86233 + 67600. What is the tens digit of m?
9
Let w(r) = -r**3 - 45*r**2 - 72*r - 126. What is the units digit of w(-45)?
4
Let c be ((-1)/((-3 + 2)*1))/1. What is the hundreds digit of -25 + 659 + (0 + c)*-5?
6
What is the units digit of (-641220)/(-170) + 6 - 6/(-51)?
8
Let p(i) = 172*i + 187*i + 673 - 307*i. What is the hundreds digit of p(0)?
6
What is the hundreds digit of (-77)/(-1078) + 160130/28?
7
Let d(j) = 18*j - 25. Let p = -73 - -83. What is the units digit of d(p)?
5
Let h be 3/(-3)*(1 + -55). Suppose -71*i + h = -68*i. What is the tens digit of i?
1
What is the hundreds digit of (5/10)/(((-6)/16)/((-27006)/28))?
2
Let m(u) = -u**3 + 7*u**2 + 17*u - 15. Let d be m(7). What is the hundreds digit of (182/d)/(1/524)?
9
Suppose -97 = 5*x - 5*f - 4072, -4*x + 3166 = 3*f. Suppose -x = -4*s - 49. Suppose s = 9*t + 42. What is the tens digit of t?
1
Let i(x) = 2*x - 7. Let s be i(9). Let d = s - 8. Suppose -d*v + 25 = -113. What is the units digit of v?
6
Suppose -138485 = -2*c + 5*j - 17122, 182157 = 3*c + 5*j. What is the ten thousands digit of c?
6
Let w = 402 + -401. What is the tens digit of 12*1/(-3) + w*113?
0
Let p be (46*8)/(2/(-4) + 1). Let g = p + -371. What is the hundreds digit of g?
3
Let v = 3096 + -1576. What is the units digit of v?
0
Let x(q) = 13728*q**2 - 3*q. What is the ten thousands digit of x(2)?
5
What is the units digit of 17825 + (-13)/(143/66) + 4?
3
Let q(a) = 8*a**2 + 23*a + 77. Let d be -16 + ((-2)/(-6))/((-14)/(-210)). What is the hundreds digit of q(d)?
7
Let l(m) = 2132*m - 668. What is the hundreds digit of l(3)?
7
Let v be ((-240)/90)/((-4)/(-174)). Let i = v - -326. What is the tens digit of i?
1
Let c(p) = -17*p + 9*p**2 + 2*p**2 + 12 + 22*p. What is the units digit of c(5)?
2
Suppose 4*j - 9*j + 10 = 0. Let w(z) = -15*z**j - 23 - 15*z**3 + 0*z**3 + z + 14*z**3. What is the hundreds digit of w(-16)?
2
Let o(t) = -t**3 - 31*t**2 - 26*t + 126. Let a be o(-30). Suppose -5*x - w + a*w = -4610, 3*w - 906 = -x. What is the tens digit of x?
1
Let n(b) = -2033*b + 7. Let o be n(-1). Suppose 2772 = 12*d - o. What is the hundreds digit of d?
4
Suppose -2*r + 100 = -4*q + r, 50 = -2*q + 3*r. Let z be ((-2)/3 + q/(-60))*-20. Suppose -9 - z = -j. What is the tens digit of j?
1
Let v be (28 + 2)*70/25. Let q = v + -11. Suppose y = -k + q, -k + 5*y + 58 = y. What is the tens digit of k?
7
Suppose 58171 = 2*h + 195*l - 196*l, 2*h - 58183 = 5*l. What is the hundreds digit of h?
0
What is the thousands digit of ((-45608)/(-12))/(185/(-37) + (-94)/(-18))?
7
Suppose 75*m + 11984 = 83*m. Suppose 3*z = m - 223. What is the units digit of z?
5
Suppose 152 = 5*u + 4*m, 0 = -0*u - 4*u + 3*m + 103. Suppose u = 5*r - 17. Suppose -8*i - 3*w - 55 = -r*i, -4*i = -3*w - 256. What is the units digit of i?
7
Let u = 105480 + -53634. What is the units digit of u?
6
Let p = -238 + 218. What is the units digit of 385 - -5*(-8)/p?
7
Let l(i) = 74*i**2 - 54*i + 348. What is the ten thousands digit of l(14)?
1
Suppose -5*b = -9*f + 4*f + 15, -2*b = 4*f + 6. Suppose f = -36*k + 31653 + 21915. What is the tens digit of k?
8
Let h(n) = -32*n - 13. Let i(o) = -16*o - 7. Let r(v) = -v**3 + 6*v**2 - 3*v + 1. Let m be r(5). Let f(w) = m*i(w) - 6*h(w). What is the units digit of f(2)?
3
Let v = -27 + 71. Let z = 32 - 14. Let q = z + v. What is the tens digit of q?
6
Suppose -4*i = 5*m + 16 + 10, 2*i - 3*m = -2. What is the units digit of i/(-4*6/2694)?
9
Let g = -266 - -1104. Suppose 3*b - 2440 = -g. What is the units digit of b?
4
Let m = 748 + -354. Suppose -3*q - m = -1345. What is the units digit of q?
7
Suppose -195*c + 671580 = -55*c. What is the hundreds digit of c?
7
Let p(r) = -r**3 + 143*r**2 - 144*r + 400. What is the tens digit of p(140)?
4
Suppose -126*r = -130*r + 76. Suppose x - r*x = -16074. What is the tens digit of x?
9
Let o(h) = 92*h**2 - 6*h + 5. Let n(z) = -z. Let g(s) = -6*n(s) + o(s). What is the tens digit of g(-2)?
7
Suppose -5*y + 320 = -12*z + 8*z, -151 = -2*y - 3*z. Let q(x) = x**3 - x + 110. Let u be q(0). Let j = u - y. What is the units digit of j?
2
Suppose -4*u = 8*k - 9*k + 1366, -k = 2*u - 1378. Let t = -821 + k. What is the units digit of t?
3
Let a(b) = 4*b + 8. Let i be a(-1). Suppose 1381 = i*w + 229. Suppose u = -u + w. What is the tens digit of u?
4
Let w = -1211 + 1899. Let v = w - 407. What is the tens digit of v?
8
Suppose 0 = 5*f + 3*k - 7, 3 = 5*f - 7*k + 9*k. Let o = 99 + f. What is the units digit of o?
8
Let s = -42 - -47. Suppose 0 = x + 3*z - 132, s*x + 0*z - 710 = -5*z. Let k = x - 74. What is the units digit of k?
3
Suppose -15*p + 38617 = -46148. What is the tens digit of p?
5
Suppose 0 = -90*z + 117784 - 12304. What is the thousands digit of z?
1
Suppose -2*h = 3*l + 708, h + 3*l - l + 356 = 0. Let b = h - -183. Let f = -33 - b. What is the tens digit of f?
3
Let d = 13979 + -3953. What is the units digit of d?
6
Suppose -2*o - 10 = 0, -2*w - 2*o + 12 = -2. Let i(t) = -72*t + 10. Let v be i(w). What is the tens digit of v/(-56)*(2 + 2)?
6
Suppose 60 = 5*t - 15. Suppose s - 3*s + 5*q = -t, s + q + 10 = 0. What is the tens digit of 4/s*(-25)/(-10)*-7?
1
Suppose -16*s - 310 = 2010. Let x = 240 + s. What is the tens digit of x?
9
Let z(x) = 177*x - 2727. What is the thousands digit of z(24)?
1
Let a = 20 - 16. Suppose -a*j - 4 = -6*j. Suppose -236 = -5*b + p, -3*p + j*p = b - 52. What is the units digit of b?
8
Let v = 3631 - 477. What is the hundreds digit of v?
1
Suppose -j - 828 + 43055 = 2*k, -k + 9 = 0. What is the thousands digit of j?
2
Suppose -59*u - 8*u + 4*u = -2782269. What is the thousands digit of u?
4
Suppose -7*p - 10*p + 34 = 0. Suppose 0 = -4*b - p*d + 2026, -4*d - 494 = -b - 7*d. What is the hundreds digit of b?
5
Let q(d) = d**3 - 11*d**2 + d - 63. Let n be q(15). Suppose -2*p = -4*a + n, -4*a - 3*p + 621 = -a. What is the hundreds digit of a?
2
What is the thousands digit of (((-205)/(-50))/(18/(-90)))/(1/(-76))?
1
Let c(h) = h**2 - 22*h + 1. Let y be c(22). What is the tens digit of -1 + y/2 + (-12252)/(-24)?
1
What is the tens digit of 44/(-12) - -5 - 716488/(-24)?
5
Let s(w) be the third derivative of 5*w**6/3 + w**5/30 - w**4/8 - 303*w**2. What is the hundreds digit of s(1)?
1
Let d(y) = 9*y**3 - 81*y**3 - 8*y**2 - y**2 - 6 - 4*y + 4*y**2. What is the units digit of d(-2)?
8
Suppose i - 73442 = -554*f + 552*f, -5*i = 20. What is the tens digit of f?
2
Let g = -5775 + 14271. What is the thousands digit of g?
8
Let a = 1661 + -990. Let d = a + -150. What is the tens digit of d?
2
Suppose 29*r + 41936 = 241862. What is the units digit of r?
4
Let t = 759 - 49. Let b = t - 264. What is the tens digit of b?
4
Suppose 30*m + 8*m - 304 = 0. What is the tens digit of m/((-590)/(-680) - 3/4)?
6
Let c be 2/(1/(-2)*40/(-50)). Let x(l) = -l**2 + 5*l + 2. Let g be x(c). What is the tens digit of 5037/39 + g/(-13)?
2
Let z(s) = -536*s - 948. What is the hundreds digit of z(-7)?
8
Let t(v) = -313*v**3 + 13*v**2 + 27*v - 8. What is the hundreds digit of t(-4)?
1
Suppose -22*m + 5*m = 11526. Let u = -44 - m. What is the units digit of u?
4
Let x be (-33)/44 + 771/4. Suppose -x = -10*q + 2*q. Suppose q*h = 23*h + 175. What is the tens digit of h?
7
Let b be 1/((-2)/6) - -7. Let v be 5*4/80 - 353/b. Let h = v - -182. What is the units digit of h?
4
Suppose -2*l = -3*u + 2, -5 - 4 = -l + 4*u. Let o(p) = -5*p - 7. Let t be o(l). Let a(m) = m**3 - 28*m**2 + 33. What is the tens digit of a(t)?
3
Let o be 5/30 - 56/48. Let d = 64 - -21. What is the units digit of (o + d/(-20))*-4?
1
Let s = -84 + 119. What is the hundreds digit of (574 + s)*(-2)/(-6)?
2
Suppose 2*n + 0*n = -714. Let a = 501 + n. What is the units digit of a?
4
Let t(x) = 11*x**2 + 17*x + 216. What is the thousands digit of t(-13)?
1
Let h(g) = -2*g**3 - 27*g - 4 + 3*g**3 + 12*g + 8*g**2 + 16*g. Let o be h(-8). What is the units digit of (4*(-3)/o)/(2/18)?
9
Suppose -20*b + 103698 = -7142. What is the units digit of b?
2
Suppose 5*k + 4*n - 159871 = 0, 13*k = -16*n + 14*n + 415673. What is the thousands digit of k?
1
Suppose -38*j + 3